pose 4 - y = -2*c. Calculate the remainder when c is divided by g.
3
Let r be (-8)/2 - (-4)/2. Calculate the remainder when 15 - (-1 - r) - 0 is divided by 5.
4
Let w(h) = -5 + 2 + 4 + 10*h + 7*h. What is the remainder when w(1) is divided by 7?
4
Let r = -120 + 129. What is the remainder when (-200)/(-6) + 4/6 is divided by r?
7
Suppose -4*h = 3*r - 389, -5*h = r - 417 - 83. What is the remainder when h is divided by 17?
16
Let g(z) = 31*z**2 + 2*z + 1. Let p = 377 + -344. Calculate the remainder when g(2) is divided by p.
30
Calculate the remainder when 91 is divided by (-306)/(-10) + 16/40.
29
Let y be (-2)/(0/2 + -2). Suppose 2*d - 7 = -5*l + 3, 5*d + 41 = 4*l. Calculate the remainder when l is divided by y + 1 + 0/5.
0
Suppose -18*k + 96 = -16*k. Calculate the remainder when k is divided by 17.
14
Let q(r) = 6*r + 1. Let l be q(-3). Let z = l - -42. What is the remainder when 49 is divided by z?
24
Let y = -2 - -17. Calculate the remainder when 42 is divided by y.
12
Let v = -9 - -26. Suppose 2*o - 30 = 86. Let l = -9 + o. What is the remainder when l is divided by v?
15
What is the remainder when 152 is divided by (2/(-4))/((-12)/312)?
9
Let b(c) = 2*c - 1. Suppose h = w + w + 40, -h - w + 52 = 0. Suppose -3*y = y - h. What is the remainder when y is divided by b(4)?
5
Suppose 18 = 5*s - 2. Suppose s*z + 0*r = 3*r - 31, 5*r - 25 = 0. Calculate the remainder when 1 is divided by (-20)/(-12) - z/(-6).
0
Suppose -4*h = -3 - 5. Suppose -h*i + 2*c + 114 = 0, -3*i + 3*c = -2*c - 175. Calculate the remainder when -4 + i + 0/(-2) is divided by 13.
12
Suppose 6*j - 8 = 106. What is the remainder when j is divided by 10?
9
Let r(k) = -8*k**3 - 5*k**2 - k - 7. What is the remainder when r(-3) is divided by 34?
31
Let w be 7 - (4/4 + 2). Suppose w*s - 83 = -f, 5*s + 3*f - 105 + 3 = 0. What is the remainder when 60 is divided by s?
18
Let s(c) = c**2 + c + 2. Let n be s(0). Suppose 3*u = -n*q + 1, 2*u + 24 = 3*q - u. Let x(v) = -2*v - 4. Calculate the remainder when q is divided by x(-3).
1
Let a = -4 - -7. Suppose -a*v + 31 = -14. What is the remainder when 57 is divided by v?
12
Suppose 0*v = -v + 11. Let h(r) = 9*r**3 - r + 2. Let t be h(1). Suppose -2*d = -28 - t. What is the remainder when d is divided by v?
8
Let u(p) = -p + 1 + 6*p + 0*p - 3*p. What is the remainder when 24 is divided by u(6)?
11
Calculate the remainder when 64 is divided by (-3 + 5)/(1/11).
20
Let b(n) = -n**2 + 2*n - 2. Let l be b(2). Let t be (0 + -4)*(-1)/l. Calculate the remainder when 65 is divided by (-17)/2*t*1.
14
Let m(n) = n - 4. Let u be m(6). Calculate the remainder when ((-84)/20)/((-1)/5) is divided by (u/1)/((-3)/(-18)).
9
Let b(c) = 2*c**3 - 7*c**2 - 5. What is the remainder when 42 is divided by b(4)?
9
What is the remainder when ((-6)/15)/(3/(-180)) is divided by 13?
11
Let x = 7 + 1. Let z(l) = 2*l - 10. What is the remainder when 16 is divided by z(x)?
4
Let u(f) = -f**3 - 8*f**2 - 5*f + 8. Suppose 2*i + 12 = -2. Let y be u(i). Let l = 32 - y. What is the remainder when l is divided by 20?
18
Suppose -72 + 96 = 3*t. What is the remainder when 10 is divided by t?
2
Let q be (-8)/12*3*1. Let h(a) = 3*a - 4. Calculate the remainder when h(3) is divided by 0/(2 - q) + 3.
2
Suppose -3*f + 7*f = 52. Let s(q) = 4*q + 1. What is the remainder when s(9) is divided by f?
11
Let q(i) = -23*i + 2. What is the remainder when q(-1) is divided by 13?
12
Suppose l - 246 = -3*t, -9 = -0*l - 3*l. Let u = -55 + t. What is the remainder when u is divided by 9?
8
What is the remainder when (6 - 3)*123/9 is divided by 17?
7
Suppose -11 + 69 = 2*x. What is the remainder when x is divided by 16?
13
Let n = -9 - -16. Let a = 1 + n. Suppose w - 124 = -3*w. What is the remainder when w is divided by a?
7
Let v = -338 - -514. Suppose 0*u + 4*u - v = 0. Calculate the remainder when u is divided by 15.
14
What is the remainder when (-7)/((-21)/117) - 2 is divided by 8?
5
Let a = -25 - 3. Let x = a + 47. Calculate the remainder when (132/16 + -2)*12 is divided by x.
18
Let u(w) = 5*w**3 - 11*w**2 + 4*w + 1. Let v(c) = -6*c**3 + 12*c**2 - 4*c - 2. Let b(z) = -5*u(z) - 4*v(z). What is the remainder when 28 is divided by b(6)?
13
Suppose -2*m = -6 - 6. Let q(l) = l**2 + l - 3. Calculate the remainder when q(m) is divided by 14.
11
Suppose -2*d - 2*d - 127 = -3*w, -d + 3*w = 25. Let i = 6 - d. What is the remainder when i is divided by ((-14)/5)/(1/(-5))?
12
Suppose 22 = w + 5. Calculate the remainder when 50 is divided by w.
16
Let t(s) = 4*s**3 - 3*s**2 - s + 2. Suppose 3*y + 0 = -15, 4*h - 18 = 2*y. What is the remainder when 2/(3/(-177)*(0 + -2)) is divided by t(h)?
19
Suppose 94 = 3*a - 5*k, 3*a + 22 = -5*k + 66. What is the remainder when a is divided by 13?
10
Suppose -5*w + 0*i + 10 = i, 3*w = 3*i + 24. Suppose -w*l = -2*r + l + 30, -4*r = 4*l. Let s(m) = 13*m + 1. What is the remainder when s(1) is divided by r?
4
Let o(b) = -b**3 + 4*b**2 + 6*b - 3. Let r be o(5). Suppose -3*p + r = -7. Suppose 0 = p*q + q - 40. What is the remainder when 18 is divided by q?
8
Let j = -45 - -86. Let x(i) = 3*i**2 + 6*i + 6. Let y be x(-5). Suppose y = 4*d + 5*r, 0*d - 12 = -d - 2*r. What is the remainder when j is divided by d?
13
Suppose 20 = 2*k + 4*o - 4, -4*o = -5*k + 4. Suppose -2*d = 3*i + 2*d - 26, -d - 31 = -3*i. What is the remainder when i is divided by k?
2
Suppose -5*n + 6 = -3*n. Suppose n*i = q + 2, 5*i = -3*q + 2 + 62. Calculate the remainder when q is divided by 7.
6
Suppose -3*w - 2*w = -265. Suppose -3*f + w = 2*y, -6*y + 2*y + 4*f = -156. What is the remainder when y is divided by 7?
6
Suppose 5*d - 10*d + 130 = 0. What is the remainder when d is divided by 14?
12
Let s(t) = t**2 + 7*t + 9. What is the remainder when 8 is divided by s(-6)?
2
Let r = 4 + -3. Suppose 0 = -5*q - 4*h - 10, 0*q + 3*h = 2*q - 19. Calculate the remainder when q is divided by r.
0
Suppose 0*h - 140 = -4*h. Suppose h = 4*f - 29. Suppose 5*p - 22 = -3*q, 0*q - 2*p - 20 = -2*q. Calculate the remainder when f is divided by q.
7
Let p(a) = a**3 - 3*a**2 + 2. Suppose 4 = -4*q - 4*f, -f + 6 = 2*q + 3. Calculate the remainder when p(q) is divided by 10.
8
Suppose 0 = -2*c + 4*q - 6, -2*q = -0*q - 10. Let d = -39 + 66. What is the remainder when d is divided by c?
6
Let c = 22 - -1. Calculate the remainder when 89 is divided by c.
20
Suppose -3*c + a = 5*a + 11, 31 = 2*c - 5*a. Suppose -4*t - 15 = q, 5*t = -q + c*q - 35. Calculate the remainder when 14 is divided by q.
4
Let q = 6 + 36. Suppose -5*z + 20 = 0, k - z = -4*k + 106. Calculate the remainder when q is divided by k.
20
Suppose 0 = -3*k - 3 - 6. Let d = k - -3. Suppose d = -f + 4*f - 45. Calculate the remainder when 29 is divided by f.
14
Suppose 4*s - 3*s = 0. Suppose s = 5*v - 2*y - 57, 0 = 2*v - 6*y + y - 6. Suppose 2*i - 29 = v. Calculate the remainder when i is divided by 11.
10
Suppose -6*o - 18 = -12*o. What is the remainder when (1 - -3)/(1/2) is divided by o?
2
Let m = 63 + -32. Calculate the remainder when m is divided by 17.
14
Let q(u) = u + 13. Suppose -a - 3*a + 196 = 0. Calculate the remainder when a is divided by q(0).
10
Let v = 28 - -12. Calculate the remainder when 156 is divided by v.
36
Suppose -2*t + t + 23 = 0. What is the remainder when 44 is divided by t?
21
Suppose 2*j = 3*b - 187, 5*b - 346 = -3*j - 9. What is the remainder when b is divided by 18?
11
Let u(f) = -f - 8. Let r be u(-5). Calculate the remainder when (4 - (r + 3))/1 is divided by 3.
1
Let g = 62 - 51. What is the remainder when (16/10)/(2/25) is divided by g?
9
Let v(g) = g**2 - 7*g - 6. Let o be v(9). Suppose 6*s + 36 = 2*p + 2*s, -o = -2*p - 2*s. What is the remainder when 29 is divided by p?
9
Suppose 16*z + 4*z = 1220. Calculate the remainder when 239 is divided by z.
56
Let d(v) = 3*v**2 + 4*v + 2. Calculate the remainder when 82 is divided by d(-3).
14
Let z be ((-90)/(-4))/(3/4). Suppose -10 - 30 = -2*q. Let u = q + z. Calculate the remainder when u is divided by 17.
16
Suppose -6*d + 24 = -0*d. Suppose 5*f - d = 101. Calculate the remainder when f is divided by 12.
9
Let j = 746 - -222. Calculate the remainder when 65 is divided by j/56 + 4/(-14).
14
Let x = 2 - -1. Suppose 0 = -x*r - r + 40. Calculate the remainder when r is divided by 4.
2
Let x = 